{"id":222,"date":"2021-07-03T12:39:37","date_gmt":"2021-07-03T17:39:37","guid":{"rendered":"http:\/\/167.114.27.105\/?page_id=222"},"modified":"2025-06-01T20:17:14","modified_gmt":"2025-06-02T01:17:14","slug":"projet-opencanopea","status":"publish","type":"page","link":"https:\/\/www.pointlog.ca\/?page_id=222","title":{"rendered":"Projet OpenCanopea Description"},"content":{"rendered":"<h2>OpenCanopea et les logiciels libres<\/h2>\n<p><span style=\"font-size: 18pt;\">Pourquoi OpenCanopea ?<\/span><\/p>\n<p>Ce projet, parmi d&rsquo;autres, vise \u00e0 apporter les avantages des logiciels libres aux petites et moyennes entreprises. Dans ce type de projet, il n&rsquo;y a pas que le client qui tire des avantages. Les logiciels libres y sont aussi gagnants. Quand plus de gens connaissent leur existence et leur capacit\u00e9, plus de gens en profitent et la projet grandit.<img loading=\"lazy\" decoding=\"async\" class=\"wp-image-228 alignleft\" src=\"http:\/\/www.pointlog.cawp-content\/uploads\/2021\/07\/OC-main-logo-300x277.png\" alt=\"\" width=\"161\" height=\"149\" srcset=\"https:\/\/www.pointlog.ca\/wp-content\/uploads\/2021\/07\/OC-main-logo-300x277.png 300w, https:\/\/www.pointlog.ca\/wp-content\/uploads\/2021\/07\/OC-main-logo.png 531w\" sizes=\"auto, (max-width: 161px) 100vw, 161px\" \/><\/p>\n<p><span style=\"font-size: 18pt;\">Pourquoi Des Logiciels Libres ?<\/span><\/p>\n<p><strong>Protection<\/strong> : OpenConopea est con\u00e7u <u>uniquement<\/u>\u00a0avec des logiciels libres. C&rsquo;est l\u00e0 l&rsquo;assurance que vous n&rsquo;\u00eates pas victime d&rsquo;un logiciel malveillant ou d&rsquo;espionnage industriel. Le code est public et peut \u00eatre vu ou r\u00e9vis\u00e9 par toute personne comp\u00e9tente int\u00e9ress\u00e9e \u00e0 le faire. Placer un logiciel malveillant ou une porte d\u00e9rob\u00e9e dans un logiciel libre devient impossible.<\/p>\n<p><strong>Confidentialit\u00e9<\/strong> : Les grandes entreprises qui offrent gratuitement ou vendent des services de partage de fichiers ont des int\u00e9r\u00eats qui ne sont pas les v\u00f4tres. Vos donn\u00e9es seront scrut\u00e9es par des robots informatiques qui analysent leur contenu pour ensuite en d\u00e9gager des informations qui peuvent servir \u00e0 vous cibler et vous influencer. Plus alarmant encore, vos informations, lorsqu\u2019h\u00e9berg\u00e9es aux \u00c9tats-Unis, peuvent \u00eatre retransmises \u00e0 votre insu aux autorit\u00e9s am\u00e9ricaines.<\/p>\n<p><strong>Le partage et l&rsquo;entraide<\/strong>: La programmation open source repose sur les contributions de particuliers autant que de grandes et petites entreprises. Tous b\u00e9n\u00e9ficient des retomb\u00e9es des projets. Le d\u00e9veloppement par le Libre est maintenant devenu la m\u00e9thode la plus courante pour la programmation de logiciels. Chaque jour, vous interagissez sans le savoir avec un logiciel libre. Ils sont partout.<img decoding=\"async\" class=\"alignleft\" title=\"\" src=\"https:\/\/www.ovh.pt\/images\/dlp\/logo-innovation.jpg\" alt=\"\" \/><\/p>\n<p><strong>Le choix d&rsquo;un partenaire<\/strong>: OVH, un acteur mondial de l&rsquo;h\u00e9bergement d&rsquo;infrastructure informatique, est un acteur important de l&rsquo;\u00e9conomie du Canada.\u00a0 En 2012, il ouvre son premier centre de donn\u00e9es en Am\u00e9rique du Nord \u00e0 Beauharnois au Qu\u00e9bec. Leur implication et investissement en logiciels libres n&rsquo;est un secret pour personne.\u00a0 C&rsquo;est une des raisons qui nous a amen\u00e9s \u00e0 choisir OVH comme partenaire principal pour nos installations en centre de donn\u00e9es.<\/p>\n","protected":false},"excerpt":{"rendered":"OpenCanopea et les logiciels libres Pourquoi OpenCanopea ? Ce projet, parmi d&rsquo;autres, vise \u00e0 apporter les avantages des logiciels libres aux petites et \n<a class=\"moretag\" href=\"https:\/\/www.pointlog.ca\/?page_id=222\"> [...]<\/a>","protected":false},"author":1,"featured_media":0,"parent":0,"menu_order":0,"comment_status":"closed","ping_status":"closed","template":"","meta":{"footnotes":""},"class_list":["post-222","page","type-page","status-publish","hentry"],"_links":{"self":[{"href":"https:\/\/www.pointlog.ca\/index.php?rest_route=\/wp\/v2\/pages\/222","targetHints":{"allow":["GET"]}}],"collection":[{"href":"https:\/\/www.pointlog.ca\/index.php?rest_route=\/wp\/v2\/pages"}],"about":[{"href":"https:\/\/www.pointlog.ca\/index.php?rest_route=\/wp\/v2\/types\/page"}],"author":[{"embeddable":true,"href":"https:\/\/www.pointlog.ca\/index.php?rest_route=\/wp\/v2\/users\/1"}],"replies":[{"embeddable":true,"href":"https:\/\/www.pointlog.ca\/index.php?rest_route=%2Fwp%2Fv2%2Fcomments&post=222"}],"version-history":[{"count":17,"href":"https:\/\/www.pointlog.ca\/index.php?rest_route=\/wp\/v2\/pages\/222\/revisions"}],"predecessor-version":[{"id":225,"href":"https:\/\/www.pointlog.ca\/index.php?rest_route=\/wp\/v2\/pages\/222\/revisions\/225"}],"wp:attachment":[{"href":"https:\/\/www.pointlog.ca\/index.php?rest_route=%2Fwp%2Fv2%2Fmedia&parent=222"}],"curies":[{"name":"wp","href":"https:\/\/api.w.org\/{rel}","templated":true}]}}