{"id":289,"date":"2021-12-18T16:40:06","date_gmt":"2021-12-18T21:40:06","guid":{"rendered":"http:\/\/167.114.27.105\/?page_id=289"},"modified":"2024-12-31T19:22:04","modified_gmt":"2025-01-01T00:22:04","slug":"affichage-mediatique","status":"publish","type":"page","link":"https:\/\/www.pointlog.ca\/?page_id=289","title":{"rendered":"Affichage M\u00e9diatique"},"content":{"rendered":"<h1>Inscrivez-vous aux afficheurs m\u00e9diatiques (Deux Moniteurs)<\/h1>\n<p><strong>Paiement 1 : Programmation et pr\u00e9paration<\/strong><br \/>\nFrais de programmation et de pr\u00e9paration graphique standard. Inclus la programmation et transfert de donn\u00e9es.<br \/>\n<strong>[420.00 $ CAD une seule fois]<\/strong><\/p>\n<p><strong>Paiement 2 : H\u00e9bergement et diffusion<\/strong><br \/>\nIl s\u2019agit d&rsquo;un abonnement r\u00e9curent permettant la r\u00e9cup\u00e9ration, le formatage et la retransmission des donn\u00e9es.<br \/>\nIl comporte jusqu\u2019\u00e0 deux moniteurs avec des r\u00f4les de diffusion partiellement ind\u00e9pendants mais avec le m\u00eame th\u00e8me et les m\u00eames donn\u00e9es.<br \/>\n<strong>[90.00 $ CAD par mois]<\/strong><\/p>\n<div class=\"wpforms-container wpforms-container-full wpforms-render-modern\" id=\"wpforms-585\"><form id=\"wpforms-form-585\" class=\"wpforms-validate wpforms-form wpforms-ajax-form\" data-formid=\"585\" method=\"post\" enctype=\"multipart\/form-data\" action=\"\/index.php?rest_route=%2Fwp%2Fv2%2Fpages%2F289\" data-token=\"4c6f7ba6616b19d98c0927b73ce3437b\" data-token-time=\"1778417115\"><noscript class=\"wpforms-error-noscript\">Please enable JavaScript in your browser to complete this form.<\/noscript><div class=\"wpforms-hidden\" id=\"wpforms-error-noscript\">Please enable JavaScript in your browser to complete this form.<\/div><div class=\"wpforms-field-container\"><div id=\"wpforms-585-field_1-container\" class=\"wpforms-field wpforms-field-text\" data-field-id=\"1\"><label class=\"wpforms-field-label\" for=\"wpforms-585-field_1\">Pr\u00e9nom et Nom <span class=\"wpforms-required-label\" aria-hidden=\"true\">*<\/span><\/label><input type=\"text\" id=\"wpforms-585-field_1\" class=\"wpforms-field-medium wpforms-field-required\" name=\"wpforms[fields][1]\" aria-errormessage=\"wpforms-585-field_1-error\" required><\/div><div id=\"wpforms-585-field_3-container\" class=\"wpforms-field wpforms-field-text\" data-field-id=\"3\"><label class=\"wpforms-field-label\" for=\"wpforms-585-field_3\">Nom d&#039;entreprise<\/label><input type=\"text\" id=\"wpforms-585-field_3\" class=\"wpforms-field-medium\" name=\"wpforms[fields][3]\" aria-errormessage=\"wpforms-585-field_3-error\" ><\/div><div id=\"wpforms-585-field_5-container\" class=\"wpforms-field wpforms-field-email\" data-field-id=\"5\"><label class=\"wpforms-field-label\" for=\"wpforms-585-field_5\">Courriel de Facturation <span class=\"wpforms-required-label\" aria-hidden=\"true\">*<\/span><\/label><input type=\"email\" id=\"wpforms-585-field_5\" class=\"wpforms-field-medium wpforms-field-required\" name=\"wpforms[fields][5]\" spellcheck=\"false\" aria-errormessage=\"wpforms-585-field_5-error\" required><\/div><div id=\"wpforms-585-field_6-container\" class=\"wpforms-field wpforms-field-text\" data-field-id=\"6\"><label class=\"wpforms-field-label\" for=\"wpforms-585-field_6\">T\u00e9l\u00e9phone <span class=\"wpforms-required-label\" aria-hidden=\"true\">*<\/span><\/label><input type=\"text\" id=\"wpforms-585-field_6\" class=\"wpforms-field-medium wpforms-field-required\" name=\"wpforms[fields][6]\" aria-errormessage=\"wpforms-585-field_6-error\" required><\/div><div id=\"wpforms-585-field_4-container\" class=\"wpforms-field wpforms-field-textarea\" data-field-id=\"4\"><label class=\"wpforms-field-label\" for=\"wpforms-585-field_4\">Adresse de Facturation <span class=\"wpforms-required-label\" aria-hidden=\"true\">*<\/span><\/label><textarea id=\"wpforms-585-field_4\" class=\"wpforms-field-medium wpforms-field-required\" name=\"wpforms[fields][4]\" aria-errormessage=\"wpforms-585-field_4-error\" required><\/textarea><\/div><div id=\"wpforms-585-field_2-container\" class=\"wpforms-field wpforms-field-checkbox\" data-field-id=\"2\"><fieldset><legend class=\"wpforms-field-label\">Produits <span class=\"wpforms-required-label\" aria-hidden=\"true\">*<\/span><\/legend><ul id=\"wpforms-585-field_2\" class=\"wpforms-field-required\"><li class=\"choice-2 depth-1 wpforms-selected\"><input type=\"checkbox\" id=\"wpforms-585-field_2_2\" name=\"wpforms[fields][2][]\" value=\"430.00$ -- Programmation et pr\u00e9partion.  Une seulle fois.  (obligatoire si nouveau site)\" aria-errormessage=\"wpforms-585-field_2_2-error\" required  checked='checked'><label class=\"wpforms-field-label-inline\" for=\"wpforms-585-field_2_2\">430.00$ -- Programmation et pr\u00e9partion.  Une seulle fois.  (obligatoire si nouveau site)<\/label><\/li><li class=\"choice-5 depth-1 wpforms-selected\"><input type=\"checkbox\" id=\"wpforms-585-field_2_5\" name=\"wpforms[fields][2][]\" value=\"90.00\/mois -- H\u00e9bergement et diffusion\" aria-errormessage=\"wpforms-585-field_2_5-error\" required  checked='checked'><label class=\"wpforms-field-label-inline\" for=\"wpforms-585-field_2_5\">90.00\/mois -- H\u00e9bergement et diffusion<\/label><\/li><\/ul><\/fieldset><\/div><\/div><!-- .wpforms-field-container --><div class=\"wpforms-submit-container\" ><input type=\"hidden\" name=\"wpforms[id]\" value=\"585\"><input type=\"hidden\" name=\"page_title\" value=\"\"><input type=\"hidden\" name=\"page_url\" value=\"https:\/\/www.pointlog.ca\/index.php?rest_route=%2Fwp%2Fv2%2Fpages%2F289\"><button type=\"submit\" name=\"wpforms[submit]\" id=\"wpforms-submit-585\" class=\"wpforms-submit\" data-alt-text=\"Sending\u2026\" data-submit-text=\"Envoyer\" aria-live=\"assertive\" value=\"wpforms-submit\">Envoyer<\/button><img loading=\"lazy\" decoding=\"async\" src=\"https:\/\/www.pointlog.ca\/wp-content\/plugins\/wpforms-lite\/assets\/images\/submit-spin.svg\" class=\"wpforms-submit-spinner\" style=\"display: none;\" width=\"26\" height=\"26\" alt=\"Loading\"><\/div><\/form><\/div>  <!-- .wpforms-container -->\n","protected":false},"excerpt":{"rendered":"Inscrivez-vous aux afficheurs m\u00e9diatiques (Deux Moniteurs) Paiement 1 : Programmation et pr\u00e9paration Frais de programmation et de pr\u00e9paration graphique standard. Inclus la programmation \n<a class=\"moretag\" href=\"https:\/\/www.pointlog.ca\/?page_id=289\"> [...]<\/a>","protected":false},"author":1,"featured_media":0,"parent":0,"menu_order":0,"comment_status":"closed","ping_status":"closed","template":"","meta":{"footnotes":""},"class_list":["post-289","page","type-page","status-publish","hentry"],"_links":{"self":[{"href":"https:\/\/www.pointlog.ca\/index.php?rest_route=\/wp\/v2\/pages\/289","targetHints":{"allow":["GET"]}}],"collection":[{"href":"https:\/\/www.pointlog.ca\/index.php?rest_route=\/wp\/v2\/pages"}],"about":[{"href":"https:\/\/www.pointlog.ca\/index.php?rest_route=\/wp\/v2\/types\/page"}],"author":[{"embeddable":true,"href":"https:\/\/www.pointlog.ca\/index.php?rest_route=\/wp\/v2\/users\/1"}],"replies":[{"embeddable":true,"href":"https:\/\/www.pointlog.ca\/index.php?rest_route=%2Fwp%2Fv2%2Fcomments&post=289"}],"version-history":[{"count":20,"href":"https:\/\/www.pointlog.ca\/index.php?rest_route=\/wp\/v2\/pages\/289\/revisions"}],"predecessor-version":[{"id":591,"href":"https:\/\/www.pointlog.ca\/index.php?rest_route=\/wp\/v2\/pages\/289\/revisions\/591"}],"wp:attachment":[{"href":"https:\/\/www.pointlog.ca\/index.php?rest_route=%2Fwp%2Fv2%2Fmedia&parent=289"}],"curies":[{"name":"wp","href":"https:\/\/api.w.org\/{rel}","templated":true}]}}